0*r + 31*r. What are the prime factors of r?
2, 197
Let q be (-46)/(-207) - (-3)/((-54)/(-3920)). Suppose -j + 632 - 202 = 4*u, q = 2*u + 2*j. Let x = -55 + u. What are the prime factors of x?
2, 13
Let x(d) = -2*d**3 - 72*d**2 + 24. Let t be x(-36). List the prime factors of 3/t - (-27198)/144.
3, 7
Let d(z) = -6*z - 18. Let g = 85 - 88. Let x be d(g). Suppose x = -t + 7*t - 30. List the prime factors of t.
5
Let y(i) = -i**2 + 3*i + 4. Let q be y(-1). Suppose -5*w - 3*f + 335 = 2*f, q = -4*w - f + 259. Suppose -69*k + 460 = -w*k. What are the prime factors of k?
2, 23
Let n(j) be the third derivative of 11*j**5/15 + j**4/4 + 7*j**3/2 - 18*j**2. What are the prime factors of n(-3)?
3, 7, 19
Suppose -5*i = -7*i + 4*i. Let q = 15 + i. What are the prime factors of q*(-6)/(-9)*(-184)/(-16)?
5, 23
Suppose 11*t = 74*t + 1323. Suppose 2*z - 4 = -5*c + 21, -4*c - 45 = -z. Let h = t + z. List the prime factors of h.
2
Let j(y) = 2*y + 2 - 2*y + y**2 + y**3. Let l be 6/((-3 - -1) + 5). What are the prime factors of j(l)?
2, 7
Suppose 4*o + 2*j - 40678 = 0, 6*o - 4*j + 20324 = 8*o. List the prime factors of o.
2, 2543
Let k = -78 + 32. Let m = 86 + k. What are the prime factors of ((-186)/(-15))/((-4 - -8)/m)?
2, 31
Let f = 56 - 48. Suppose 0 = -13*v + f*v + 20. Suppose v = -2*w + 52. List the prime factors of w.
2, 3
List the prime factors of (-1746)/485*((-6810)/4 - 0).
3, 227
Suppose 5*w + c = 36183, -c = -403*w + 398*w + 36177. List the prime factors of w.
2, 3, 67
Let j = 8 - 6. Let v(t) = -3*t - 15 + 10*t - j*t. List the prime factors of v(12).
3, 5
Suppose -4*v + 3*y = -14253, -2*y + 1296 = -4*v + 15546. List the prime factors of v.
3, 1187
Let z(t) = 19*t**3 + 8*t**2 - 99*t + 695. What are the prime factors of z(7)?
6911
Let v be (60/8)/((-2)/20). Let n be (v/(-12))/((-8)/(-192)). Suppose 3*i = 2*l - 2*i - n, 4*l - i - 264 = 0. What are the prime factors of l?
5, 13
Suppose -85*a - 27*a = -7*a - 1955625. List the prime factors of a.
5, 149
Let a(l) = -3*l**2 - 44*l - 24. What are the prime factors of a(-8)?
2, 17
Let c be (-5 + 7 - 67) + 4/2. What are the prime factors of 2784/21 - (-36)/c?
2, 3, 11
Let t be 8/(4/12*6/(-28)). What are the prime factors of t/(-10) + (-1)/5?
11
Suppose 0 = -n - 11*t + 10*t + 860, n - 872 = -5*t. List the prime factors of n + 170/(-51)*(-3)/(-2).
2, 3, 71
Let y be ((-10)/(-5))/((3*-1)/(-3)). Suppose 7 = -y*n + 15. What are the prime factors of 493/9 - 5/((-90)/n)?
5, 11
What are the prime factors of 6/14 + ((-1082856)/(-21))/8?
2, 11, 293
Let f(d) be the third derivative of -d**4/24 + 29*d**3/3 + 6*d**2. Let j be f(17). Let v = 226 - j. List the prime factors of v.
5, 37
Let i(w) = w**3 + 9*w**2 + 6. Let a be i(-9). Suppose -343 = -a*u + 5. List the prime factors of (u/4)/((-7)/(-14)).
29
Suppose -a = -10*a. What are the prime factors of (1211 - 0 - -6)*(a + 1)?
1217
Let w(g) = 52*g + 3628*g**2 + 20 - 3630*g**2 + 6. List the prime factors of w(16).
2, 173
Let r(u) = 33*u - 22. Let o(z) = -11 + 1 + 21 + 32 - 66*z. Let n(t) = -3*o(t) - 5*r(t). What are the prime factors of n(7)?
2, 53
Suppose -26*y + 22*y - 3*v + 11416 = 0, 5*v = 3*y - 8591. List the prime factors of y.
2857
Let b = -37 + 19. Suppose -252 + 1644 = 136*p - 112*p. Let h = p + b. List the prime factors of h.
2, 5
Let n(d) = -52*d + 15*d - 17 + 8*d**3 - 3*d**2 + 22*d. Let s be n(7). List the prime factors of (-4)/14 - s/(-63).
3, 13
Let d(r) = -7151*r - 5676. List the prime factors of d(-9).
3, 31, 631
What are the prime factors of (-4)/10 + -26 + (-842639)/(-85)?
9887
Let z = -1514 + 11800. What are the prime factors of z?
2, 37, 139
Let q(f) = -43*f + 43. Suppose -c + h - 6*h = -13, -5*c = -2*h + 43. List the prime factors of q(c).
2, 43
Suppose -3*y + 8 = 5. Let v be 2/(-4)*-2*(y - 1). Suppose v = l - 117 - 25. What are the prime factors of l?
2, 71
Suppose 2*l - 5*l = 4*y - 78, 3*y - l = 52. Let f be 4/(-6)*y/4. What are the prime factors of 0 + (1 - f) + 86?
2, 3, 5
Suppose -903916 = 13046*b - 13072*b. List the prime factors of b.
2, 17383
Let d be -3*204/18*41. Let r = -829 - d. What are the prime factors of r?
5, 113
Let y = 1492 + -741. List the prime factors of y.
751
Suppose r + 4*j = 9, -2*j = 6*r - 8*r + 18. Suppose 19*v = r*v + 350. What are the prime factors of v?
5, 7
Suppose -10*h + 115456 - 622296 = 0. What are the prime factors of (-6)/207*-3 + h/(-92)?
19, 29
Suppose 2*b - j = 219, -j - 3*j = -4*b + 440. Let y = b - 206. Let v = y - -259. What are the prime factors of v?
2, 3
List the prime factors of (3 - (-9322)/6)/(366/45 + -8).
5, 467
Let n(v) = 146*v + 7. Let k(d) = -147*d - 8. Let r(h) = -6*k(h) - 7*n(h). Let g be r(-3). Let z = 588 - g. List the prime factors of z.
13
Let r = -153 + 158. Suppose m - r*m + 500 = 0. What are the prime factors of m?
5
Let g = 61 + -59. Suppose 0 = -4*z + 2*t + 34, z - 7 = -g*t + t. Suppose z*v = 12*v - 432. What are the prime factors of v?
2, 3
Let i(u) = -53*u - 739. Let g be i(-18). Suppose 3*z = 126 - 525. Let l = g + z. List the prime factors of l.
2, 41
Let g(s) = -s**3 - 7*s**2 + 18*s. Let k be g(-9). Suppose 4*n - 31 + 11 = k. Suppose -m + 32 = n*l, -5*m + 4*l + 300 = l. List the prime factors of m.
3, 19
Suppose -94527 = 69*m - 546063. List the prime factors of m.
2, 409
Let z = 27258 + 47284. What are the prime factors of z?
2, 13, 47, 61
What are the prime factors of (-2)/(-28)*(-357)/102 + 100369/4?
2, 3, 17, 41
Suppose -3*o - 2505 = 3*p, 2*p - 20 = -2*p. What are the prime factors of o/(-4)*((-2)/(-4) + 2)?
3, 5, 7
What are the prime factors of (-6)/(971220/1619700 - 3/5)?
3, 5399
Suppose -4*p = 5*d - p - 47079, 4*d + 5*p - 37645 = 0. What are the prime factors of d?
2, 3, 5, 157
Suppose 6*c - 612 = -1608. Let v = -162 - c. List the prime factors of v.
2
Let c(o) = o**2 + 16*o - 22. Let i(p) = -p**3 - 5*p - 23. Let u be i(0). List the prime factors of c(u).
139
Suppose 4*q - 16284 = 3*q - 4*f, 0 = 5*q - f - 81483. List the prime factors of q.
2, 3, 7, 97
Let x(f) = 54*f - 22*f + 52*f**2 - 14 + 16*f. What are the prime factors of x(5)?
2, 7, 109
Let u(s) = s**3 - s + 106. Suppose -4*k + 32 = 4*c, k + c = -3*c + 8. Suppose 3*b + 3*m = -0*b + 6, 5*b + 4*m = k. What are the prime factors of u(b)?
2, 53
Suppose -5661 - 40353 - 16266 = -20*u. List the prime factors of u.
2, 3, 173
Let i = -284 - -284. Suppose -51*x + 69*x - 23886 = i. What are the prime factors of x?
1327
Let h(d) = -d - 1. Let i(x) = -x - 44. Let q(w) = 3*h(w) - i(w). Suppose -7*z - 85 = 13. List the prime factors of q(z).
3, 23
Let t = 310 - 284. Suppose -17*o = -t*o + 10161. List the prime factors of o.
1129
Let y(i) = i - 19. Let s be y(18). Let t(x) = x + 4. Let v be t(-5). What are the prime factors of (2 - -28) + 2*s/v?
2
Suppose 5*b + 2*i = 45, -2*b - 18 = -4*b + i. Suppose -3*y = -3*n + 2043, 2*n - 1356 = -b*y + 5*y. What are the prime factors of n?
2, 5, 17
Let l = 39277 - 6748. List the prime factors of l.
3, 7, 1549
Let c = -149 - -199. Suppose -2*r = 2*a - 1644, 3*r = 51*a - c*a + 2486. List the prime factors of r.
827
Suppose -2*i - 38 = -34, -3*n - 13397 = -2*i. Let f = -2792 - n. What are the prime factors of f?
5, 67
Suppose 2*u = -4*l + 1808, -l - 3*u - 20 + 472 = 0. Suppose -5*v + l = -3*b, -3*v + 5*b = -211 - 57. List the prime factors of v.
7, 13
Let t = 6196 + -4261. List the prime factors of t.
3, 5, 43
Let b(f) = -f**3 + 15*f**2 - 17*f + 47. Let y be b(14). Suppose r + 223 = p, 17*p - 18*p + y*r = -223. What are the prime factors of p?
223
Let c = -10 - -4. Let u be (-1248)/(-8)*(-2)/c. Suppose -3*i + 40 = -2*l - u, 2*i - 52 = -l. What are the prime factors of i?
2, 7
Suppose 51130 - 293653 - 42718 = -11*y. What are the prime factors of y?
25931
Suppose 161*l - 13596070 = -2072173. What are the prime factors of l?
3, 11, 241
Let f(j) = -j**3 - 13*j**2 - 26*j - 46. Let g be f(-11). Let a(t) = t + 3. Let b be a(6). What are the prime factors of 6/b*-3*91/g?
7, 13
Let x(z) = -z**2 + 16*z + 3. Let j be x(8). Suppose -5*y + l = -876, -7*l + 524 = 3*y - 6*l. Let r = y - j. What are the prime factors of r?
2, 3
Let j = -85 + 87. Suppose 5*a - 22 = 3*f, -j*a + 5*f + 10 + 14 = 0. What are the prime factors of (5/(-10))/(a/(-764))?
191
Suppose -5*p - 81336 = -4*y, -2*y + 2*p + 19057 = -21613. List the prim